me factors of 4530996?
2, 3, 43, 2927
What are the prime factors of 3633174?
2, 3, 41, 547
What are the prime factors of 224517?
3, 67, 1117
What are the prime factors of 31883628?
2, 3, 7, 113, 3359
List the prime factors of 487395.
3, 5, 10831
List the prime factors of 13761628.
2, 587, 5861
What are the prime factors of 237384?
2, 3, 7, 157
What are the prime factors of 36861441?
3, 12287147
List the prime factors of 532837.
37, 14401
What are the prime factors of 784052?
2, 31, 6323
What are the prime factors of 1201524?
2, 3, 223, 449
List the prime factors of 14289186.
2, 3, 709, 3359
List the prime factors of 11474863.
11474863
What are the prime factors of 4792428?
2, 3, 239, 557
What are the prime factors of 191431?
47, 4073
What are the prime factors of 17283818?
2, 8641909
What are the prime factors of 152242?
2, 163, 467
List the prime factors of 2322982.
2, 17, 4019
What are the prime factors of 2059852?
2, 71, 7253
List the prime factors of 2295461.
7, 327923
List the prime factors of 138483.
3, 23, 223
List the prime factors of 11220468.
2, 3, 7, 223, 599
What are the prime factors of 4809300?
2, 3, 5, 17, 23, 41
List the prime factors of 458484.
2, 3, 13, 2939
List the prime factors of 3317.
31, 107
List the prime factors of 134827.
7, 11, 17, 103
List the prime factors of 2203003.
11, 200273
List the prime factors of 8363269.
17, 193, 2549
What are the prime factors of 991101?
3, 31, 10657
What are the prime factors of 3995304?
2, 3, 166471
What are the prime factors of 2735577?
3, 13, 103, 227
List the prime factors of 379727.
379727
What are the prime factors of 9835285?
5, 41, 47977
What are the prime factors of 4873738?
2, 991, 2459
What are the prime factors of 4429200?
2, 3, 5, 3691
List the prime factors of 257472.
2, 3, 149
List the prime factors of 3250278.
2, 3, 53, 3407
What are the prime factors of 326570?
2, 5, 17, 113
List the prime factors of 216128.
2, 11, 307
List the prime factors of 30370.
2, 5, 3037
What are the prime factors of 1217?
1217
What are the prime factors of 307747?
11, 101, 277
List the prime factors of 247986.
2, 3, 23, 599
What are the prime factors of 16211?
13, 29, 43
List the prime factors of 7315699.
1823, 4013
What are the prime factors of 294789?
3, 11, 8933
List the prime factors of 2169260.
2, 5, 108463
List the prime factors of 10190341.
7, 313, 4651
List the prime factors of 133145.
5, 31, 859
List the prime factors of 28293351.
3, 9431117
List the prime factors of 186674.
2, 93337
List the prime factors of 3257855.
5, 709, 919
What are the prime factors of 3597212?
2, 373, 2411
What are the prime factors of 223252?
2, 55813
List the prime factors of 19548281.
2549, 7669
What are the prime factors of 2902738?
2, 23, 63103
What are the prime factors of 401540?
2, 5, 17, 1181
List the prime factors of 252997.
431, 587
What are the prime factors of 294433?
79, 3727
List the prime factors of 508255.
5, 11, 9241
List the prime factors of 291579.
3, 83, 1171
What are the prime factors of 5434340?
2, 5, 43, 71, 89
List the prime factors of 83892.
2, 3, 6991
List the prime factors of 3483429.
3, 1161143
List the prime factors of 11439748.
2, 19, 150523
List the prime factors of 697093.
697093
List the prime factors of 769735.
5, 153947
List the prime factors of 6496239.
3, 2165413
List the prime factors of 1891539.
3, 13, 17, 317
What are the prime factors of 11152083?
3, 67, 113, 491
List the prime factors of 6817249.
1361, 5009
List the prime factors of 3965259.
3, 1321753
List the prime factors of 536899.
11, 48809
List the prime factors of 5931896.
2, 163, 4549
What are the prime factors of 57596?
2, 7, 11, 17
List the prime factors of 6099931.
19, 37, 8677
What are the prime factors of 93797?
11, 8527
List the prime factors of 4460291.
11, 71, 5711
List the prime factors of 101131.
23, 4397
List the prime factors of 1541504.
2, 12043
What are the prime factors of 7648970?
2, 5, 7, 113, 967
What are the prime factors of 4452914?
2, 79, 28183
List the prime factors of 298175.
5, 11927
What are the prime factors of 1146117?
3, 7, 54577
List the prime factors of 6317698.
2, 67, 47147
What are the prime factors of 470682?
2, 3, 79, 331
What are the prime factors of 61915?
5, 7, 29, 61
What are the prime factors of 268745?
5, 59, 911
List the prime factors of 2832502.
2, 47, 30133
List the prime factors of 240364.
2, 60091
List the prime factors of 1295971.
19, 68209
What are the prime factors of 10521322?
2, 7, 751523
What are the prime factors of 96523?
7, 13789
What are the prime factors of 36367468?
2, 61, 113, 1319
What are the prime factors of 532892?
2, 127, 1049
What are the prime factors of 9348296?
2, 1168537
What are the prime factors of 3323453?
7, 474779
List the prime factors of 200878.
2, 47, 2137
List the prime factors of 10376737.
7, 241, 6151
List the prime factors of 11418243.
3, 269, 14149
List the prime factors of 383535.
3, 5, 947
What are the prime factors of 7225317?
3, 11, 59, 1237
List the prime factors of 72875.
5, 11, 53
List the prime factors of 4324122.
2, 3, 11, 21839
What are the prime factors of 257379?
3, 85793
What are the prime factors of 1037927?
11, 157, 601
What are the prime factors of 974735?
5, 383, 509
What are the prime factors of 223752?
2, 3, 9323
List the prime factors of 18338029.
41, 10909
What are the prime factors of 10112811?
3, 3370937
List the prime factors of 24246142.
2, 359, 33769
What are the prime factors of 18495283?
67, 276049
What are the prime factors of 2412031?
19, 126949
List the prime factors of 53311.
89, 599
List the prime factors of 4983699.
3, 7, 237319
What are the prime factors of 17384367?
3, 7, 11, 13, 827
What are the prime factors of 29189826?
2, 3, 1621657
List the prime factors of 2286884.
2, 571721
List the prime factors of 635204.
2, 379, 419
What are the prime factors of 143356?
2, 35839
What are the prime factors of 8792523?
3, 137, 2377
What are the prime factors of 460894?
2, 7, 4703
What are the prime factors of 10081518?
2, 3, 1680253
What are the prime factors of 12224?
2, 191
List the prime factors of 28489.
31, 919
List the prime factors of 1476860.
2, 5, 7, 11, 137
List the prime factors of 411239.
211, 1949
What are the prime factors of 14663427?
3, 79, 61871
What are the prime factors of 30089?
30089
List the prime factors of 8453205.
3, 5, 37, 5077
What are the prime factors of 4767635?
5, 37, 25771
List the prime factors of 9425224.
2, 293, 4021
What are the prime factors of 1245?
3, 5, 83
What are the prime factors of 6484375?
5, 83
List the prime factors of 5381580.
2, 3, 5, 257, 349
List the prime factors of 34897.
34897
What are the prime factors of 644259?
3, 7, 11, 2789
List the prime factors of 363108.
2, 3, 30259
What are the prime factors of 6255222?
2, 3, 271, 3847
What are the prime factors of 65816?
2, 19, 433
List the prime factors of 362785.
5, 37, 53
List the prime factors of 22746548.
2, 11, 46997
List the prime factors of 2187477.
3, 37, 6569
List the prime factors of 202172.
2, 50543
List the prime factors of 1270700.
2, 5, 97, 131
List the prime factors of 146267.
11, 13297
List the prime factors of 2996104.
2, 239, 1567
What are the prime factors of 497155?
5, 99431
List the prime factors of 857469.
3, 285823
List the prime factors of 2412965.
5, 482593
What are the prime factors of 2252140?
2, 5, 11, 29, 353
What are the prime factors of 190832?
2, 11927
List the prime factors of 2554936.
2, 59, 5413
List the prime factors of 4850420.
2, 5, 242521
What are the prime factors of 8924610?
2, 3, 5, 297487
List the prime factors of 237033.
3, 8779
List the prime factors of 12296991.
3, 7, 83653
What are the prime factors of 19056738?
2, 3, 647, 4909
What are the prime factors of 317716?
2, 7, 1621
List the prime factors of 3422927.
31, 109, 1013
What are the prime factors of 24446534?
2, 7, 1746181
What are the prime factors of 114271?
229, 499
List the prime factors of 1391315.
5, 463, 601
What are the prime factors of 722411?
722411
List the prime factors of 5074734.
2, 3, 7, 41, 421
List the prime factors of 41985.
3, 5, 311
List the prime factors of 1449735.
3, 5, 7, 13807
List the prime factors of 3379991.
17, 198823
What are the prime factors of 14886486?
2, 3, 151, 5477
L